8*u + 1105. What is d(-23)?
1
Let c(z) = 540*z + 4853. Give c(-9).
-7
Let s(u) = 49*u - 3977. Determine s(81).
-8
Let w(s) = -50*s - 65. Determine w(2).
-165
Let s(v) = v**3 + 7*v**2 - 13. What is s(-7)?
-13
Let i(u) = -9*u**2 - 92*u - 60. Determine i(-10).
-40
Let j(g) = -960*g + 10500. What is j(11)?
-60
Let n(j) = -10210*j + 265459. Give n(26).
-1
Let w(f) = 10*f - 71. Give w(-9).
-161
Let i(s) = -514*s + 92002. Calculate i(179).
-4
Let s(g) = 10*g - 42. Calculate s(-12).
-162
Let v(h) = h**2 + 166*h - 2721. Give v(15).
-6
Let s(h) = -h**3 + 15*h**2 + 4*h - 54. Calculate s(15).
6
Let g(j) = 2*j**3 - 9*j**2 - 17*j + 60. Calculate g(6).
66
Let u(t) = t**2 + 40*t + 232. Determine u(-31).
-47
Let b(z) = 2409*z + 19247. Calculate b(-8).
-25
Let i(u) = 3*u**2 + 149*u - 1791. What is i(10)?
-1
Let l(k) = -4*k**2 + 20*k - 45. Calculate l(2).
-21
Let q(t) = 2*t**2 - 16*t - 38. Calculate q(10).
2
Let k(u) = 290*u + 16865. Give k(-58).
45
Let f(s) = -s**3 + 54*s**2 + 1207*s + 125. Determine f(71).
125
Let i(a) = 63*a + 303. Determine i(-2).
177
Let u(w) = 3*w**3 + 9*w**2 + 2*w + 4. Determine u(-3).
-2
Let m(r) = 11*r - 42. What is m(-20)?
-262
Let z(l) = -56*l + 425. Determine z(8).
-23
Let m(h) = 2*h**3 + 233*h**2 + 115*h + 19. Calculate m(-116).
135
Let b(w) = 77*w**2 + 20*w - 17. Give b(1).
80
Let i(u) = u**3 - 13*u**2 + 9*u + 166. Calculate i(13).
283
Let k(p) = -13*p**2 - 399*p + 1999. Determine k(5).
-321
Let o(w) = -4*w**2 + w + 94. Calculate o(0).
94
Let v(d) = -d**3 - 3*d**2 - 10*d - 45. Give v(-3).
-15
Let t(w) = 2*w**2 - 114*w + 129. Give t(56).
17
Let s(j) = -34*j**3 - 8*j**2 + 34*j - 25. Calculate s(1).
-33
Let a(m) = 4*m**2 + 5*m - 4. Calculate a(4).
80
Let d(r) = -r**3 + 61*r**2 - 228*r - 9. Calculate d(57).
-9
Let x(c) = c**3 + 37*c**2 - 2*c - 57. Calculate x(-37).
17
Let o(y) = -409*y + 13485. Give o(33).
-12
Let k(r) = 11*r - 394. What is k(37)?
13
Let f(n) = -2*n**3 - 100*n**2 + 6*n - 30. Give f(-50).
-330
Let v(w) = -2*w**2 - 28*w - 64. Determine v(-6).
32
Let q(m) = 302*m - 4856. Calculate q(16).
-24
Let d(v) = v**3 + 17*v**2 - 35*v + 55. Calculate d(-19).
-2
Let g(p) = 178*p + 1089. Calculate g(-6).
21
Let l(j) = 96*j**2 + 10*j - 10. Give l(1).
96
Let z(k) = -38*k + 2005. What is z(51)?
67
Let n(t) = -121*t + 17. Give n(-3).
380
Let p(u) = -u**2 + 2*u - 5. What is p(-5)?
-40
Let c(o) = -o**2 + 259*o. Give c(0).
0
Let g(c) = -4*c**2 + 228*c + 1379. Calculate g(-6).
-133
Let p(u) = -707*u - 5842. Give p(-8).
-186
Let u(d) = -22*d - 751. Give u(-46).
261
Let a(j) = 3*j**2 - 41*j - 75. What is a(-2)?
19
Let u(l) = l**3 - 20*l**2 + 94*l - 479. Calculate u(16).
1
Let d(c) = c**3 - 9*c**2 - 11*c - 1. Calculate d(5).
-156
Let k(w) = w**3 + 5*w**2 + 74*w + 303. Give k(-4).
23
Let z(p) = -p**3 - 8*p**2 - 20*p - 28. Give z(-5).
-3
Let z(f) = -19*f**2 + 602*f + 182. Determine z(32).
-10
Let u(a) = a**3 - 12*a**2 + 22*a + 59. Give u(11).
180
Let q(s) = 2*s**3 + 9*s**2 - 4*s - 63. What is q(6)?
669
Let r(i) = -8*i**2 - 35*i + 20. Give r(-6).
-58
Let g(h) = 242*h + 41. Determine g(2).
525
Let j(p) = 797*p - 33484. Determine j(42).
-10
Let r(h) = h**3 + 15*h**2 - 36*h + 393. Determine r(-18).
69
Let q(a) = 9*a**3 + 1304*a**2 - 154*a - 1308. Give q(-145).
-3
Let p(q) = q**2 - 259*q - 14025. What is p(-46)?
5
Let z(b) = b**2 + 104*b + 2562. Give z(-42).
-42
Let n(s) = -s**3 + 4*s**2 + 3*s - 4. Give n(8).
-236
Let a(t) = 175*t - 6181. Calculate a(35).
-56
Let h(j) = 83*j - 587. Calculate h(7).
-6
Let x(s) = -2*s**3 + 97*s**2 + 69*s - 985. Calculate x(49).
-5
Let p(v) = v**3 - 16*v**2 + 41*v + 4. Give p(4).
-24
Let n(h) = -342*h + 2114. Determine n(7).
-280
Let a(g) = 4*g**3 - 2*g**2 - 448*g + 1363. Determine a(3).
109
Let s(q) = q**3 + 2*q**2 - 3*q - 26. Calculate s(0).
-26
Let m(r) = 6*r**2 + 9*r + 26. Give m(-4).
86
Let b(h) = 36*h - 65. Give b(2).
7
Let r(l) = -3*l**2 + 36*l + 104. What is r(22)?
-556
Let j(d) = 2*d**2 - 501*d + 4343. Give j(9).
-4
Let f(h) = -h**2 + 36*h + 369. Determine f(-9).
-36
Let b(m) = -453*m + 6766. What is b(15)?
-29
Let c(m) = -737*m + 7409. Determine c(10).
39
Let l(a) = a**3 + 16*a**2 + 79*a + 719. Give l(-14).
5
Let h(g) = g**3 + 12*g**2 + 30*g - 1. Calculate h(-5).
24
Let k(d) = -2*d**3 + 55*d**2 + 153*d - 81. Give k(30).
9
Let g(f) = -f**2 + 18*f + 106. Give g(24).
-38
Let y(i) = -2*i**3 - 11*i**2 - 2*i - 5. Determine y(-6).
43
Let w(s) = -2*s**2 + 80*s - 792. Calculate w(17).
-10
Let r(n) = 561*n + 524. Give r(-1).
-37
Let q(u) = -11*u - 78. Give q(-7).
-1
Let u(x) = 380*x + 34582. Give u(-91).
2
Let w(a) = 13*a - 259. Calculate w(21).
14
Let u(i) = -20*i - 119. Give u(-1).
-99
Let m(n) = -n**2 - 13*n + 170. What is m(9)?
-28
Let w(h) = 13*h + 293. Calculate w(-30).
-97
Let g(d) = d**3 - 20*d**2 + 2*d + 240. What is g(19)?
-83
Let s(j) = -j**3 + 20*j**2 + 11*j + 234. What is s(21)?
24
Let v(a) = a**2 - 109*a - 718. Give v(-6).
-28
Let n(y) = -y**3 + 5*y**2 - 12*y - 1. Give n(6).
-109
Let m(r) = r**3 + 92*r**2 + 97*r + 555. Calculate m(-91).
9
Let m(b) = -7*b + 102. What is m(18)?
-24
Let c(i) = 5*i**2 + 12*i - 95. Determine c(8).
321
Let g(r) = 5*r - 86. What is g(19)?
9
Let p(k) = -k**2 + 29*k + 71. What is p(25)?
171
Let f(b) = -12*b - 182. What is f(-14)?
-14
Let z(i) = 6*i + 45. Determine z(30).
225
Let f(o) = -7*o + 73. What is f(6)?
31
Let s(x) = -92*x - 823. Calculate s(-8).
-87
Let h(w) = w**2 - 29*w - 86. What is h(25)?
-186
Let u(p) = 27*p**2 + 217*p + 7. Give u(-8).
-1
Let k(g) = -g**2 + 75*g - 1367. Give k(42).
19
Let j(p) = -10*p**2 - 31*p + 9. What is j(4)?
-275
Let v(f) = f**3 + 11*f**2 - 71*f - 96. Calculate v(6).
90
Let c(f) = -2*f**3 - 14*f**2 - 24*f - 10. Determine c(-4).
-10
Let d(r) = r**3 + 12*r**2 + 208*r + 378. Calculate d(-2).
2
Let j(n) = 3*n**3 + 56*n**2 - 51*n - 634. Give j(-19).
-26
Let h(w) = -w**3 - 44*w**2 - 194*w + 26. What is h(-39)?
-13
Let v(h) = 150*h - 1531. Determine v(8).
-331
Let z(p) = 32*p**2 + 464*p + 140. Determine z(-14).
-84
Let r(n) = n**3 - 16*n**2 - 20*n - 49. Calculate r(14).
-721
Let g(s) = s**3 + 75*s**2 + 84*s - 225. Calculate g(-74).
-965
Let p(d) = -2*d**3 + 3*d**2 + 21*d + 18. What is p(-2)?
4
Let c(n) = -34*n**2 - 142*n - 13. Give c(-4).
11
Let x(s) = -s**3 + 11*s**2 + 30*s + 18. Determine x(14).
-150
Let o(m) = -18*m**2 + 257*m + 1. Determine o(15).
-194
Let j(o) = 98*o**2 - 34792*o + 706. Calculate j(355).
-4
Let v(y) = -7*y**2 + 1312*y - 2617. What is v(2)?
-21
Let z(s) = 7*s - 122. Determine z(18).
4
Let s(u) = -2*u**2 + 84*u - 386. Give s(37).
-16
Let g(h) = -84*h - 619. Determine g(-7).
-31
Let q(h) = 4*h**2 + 5017*h - 10040. What is q(2)?
10
Let a(y) = -y**2 + 26*y - 52. Determine a(24).
-4
Let c(w) = 16*w - 108. What is c(3)?
-60
Let w(h) = -4*h**2 + 44*h + 483. What is w(-7)?
-21
Let z(p) = -141*p**2 - 4*p - 5. What is z(-1)?
-142
Let u(s) = 5*s**2 - 44*s + 280. What is u(6)?
196
Let k(p) = -35*p - 1094. Determine k(-31).
-9
Let j(w) = 9*w - 101. What is j(-15)?
-236
Let c(o) = -o**3 - 20*o**2 - 33*o + 16. What is c(-18)?
-38
Let s(h) = -105*h - 1895. Calculate s(-18).
-5
Let r(o) = -o**3 + 45*o + 106. Calculate r(-5).
6
Let y(o) = -o**3 + 8*o**2 + 119*o + 278. What is y(-5)?
8
Let w(m) = 7*m**3 + 25*m**2 - 47*m - 142. Give w(-4).
-2
Let o(n) = 2*n**3 - 114*n**2 + 114*n - 101. Calculate o(56).
11
Let t(m) = 1727*m + 31090. Determine t(-18).
4
Let n(r) = -r**3 - 17*r**2 + 40*r + 41. Determine n(-19).
3
Let n(o) = -o**3 + 17*o**2 + 80*o - 11. What is n(-4)?
5
Let t(k) = -420*k + 1669. Calculate t(4).
-11
Let n(q) = q**3 + 2*q**2 - 311*q - 874. Calculate n(18).
8
Let k(c) = c**3 - 17*c**2 - c - 337. Calculate k(18).
-31
Let q(b) = -4*b**3 + 157*b**2 - 38*b - 50. Give q(39).
-11
Let h(f) = 9*f - 156. Give h(-16).
-300
Let v(z) = 1678*z - 6712. Calculate v(4).
0
Let v(m) = m**2 - 39*m + 455. What is v(34)?
285
Let t(a) = 3*a**2 + 33*a - 435. Determine t(-19).
21
Let c(l) = -3*l**3 - 78*l**2 + 462*l - 35. Give c(-31).
58
Let w(x) = -43*x + 224. What is w(5)?
9
Let v(k) = -k**3 + 35*k**2 + 118*k - 2914. Calculate v(36).
38
Let q(c) = -6*c**2 + 104*c + 63. Give q(18).
-9
Let u(t) = 491*t - 2330. What is u(5)?
125
Let g(v) = v**3 - 3*v**2 - 148*v - 65. Determine g(-11).
-131
Let y(v) = v**3 + 47*v**2 + 538*v - 203. Determine y(-26).
5
Let d(k) = -133